-3 - 2)*l/(-5)?
4
What is the hundreds digit of (6/(-9))/(2/(-594))?
1
Let s(q) = 33*q**2 + q - 3. What is the tens digit of s(2)?
3
Suppose -2*a = -2*k - 542, a - 302 = 4*k - 22. What is the hundreds digit of a?
2
What is the tens digit of ((-22)/(-5))/(4/20)?
2
Let f = -124 - -177. Suppose 3 + f = 4*c. What is the tens digit of c?
1
Let c = -9 + 9. Suppose 0 = 2*b - 3*g - 10, 2*b + 4*g - 3*g - 2 = c. What is the units digit of b?
2
Suppose 0 = 2*m + 10, -r + 0*m - 20 = 5*m. Suppose r*v - 15 = 5. What is the units digit of v?
4
Let n be 1/((4/5)/(-4)). Let d(f) = -2*f - 5. Let w be d(n). Suppose 0 = -2*x - 3*a + 20, -x - 8 = -w*x + 2*a. What is the units digit of x?
4
Let l be 375/(-20) - 2/8. What is the tens digit of l + 15 + 31 + 1?
2
Suppose -4*z + i + 29 = 4*i, -4*i + 27 = 3*z. Suppose z*t = 6 + 9. Suppose -4*w - 3*u - 1 + 60 = 0, 0 = -t*u + 15. What is the units digit of w?
1
Let l be (10/(-4) + 0)*-2. Suppose -1 = s - 3*t - 10, l*s + 11 = t. Let q(m) = -m + 1. What is the units digit of q(s)?
4
Let j(k) = 5*k**2 - 6*k + 8. Let t be j(4). Let y = t - 39. What is the units digit of y?
5
Suppose -u + 0*u + 3 = 0. Let p = u + -1. What is the units digit of 15/3 + p + -3?
4
Suppose b = -0 - 4. Let n = 6 + b. What is the units digit of (n*5)/((-8)/(-12))?
5
Let p(c) = 0*c - 4 - 2*c**2 - c + 2*c. Let x(i) = 5*i**2 - 2*i + 8. Let s(q) = 7*p(q) + 3*x(q). What is the units digit of s(4)?
6
Let n be 22/8 - (-3)/12. Let h(x) be the second derivative of x**4/12 - x**3/2 + 2*x**2 - x. What is the units digit of h(n)?
4
Let q = 49 + 249. What is the units digit of q?
8
What is the tens digit of (-2)/((-61)/20 - -3)?
4
What is the tens digit of (6/9)/((-6)/(-846))?
9
Let b(n) = -n**2 + 8*n - 8. Let l be b(6). Suppose -y + f - 11 = -l*f, 2*f = 6. Suppose 4*a + 2*c = 1 + 1, y*c + 3 = -a. What is the units digit of a?
1
What is the units digit of (6/(-5))/(9/(-270))?
6
Let v(o) = -2*o**2 - 16*o - 6. What is the units digit of v(-7)?
8
Let j(n) = -n**2 - 9*n - 6. Let c be j(-6). Suppose 5*m = 3*m + c. Suppose m*k - k = 15. What is the units digit of k?
3
Let s = 25 + -35. Let n = s - -8. What is the units digit of (8/(-14) - n)*7?
0
Suppose -55 = -0*p - p. Suppose -2*i + p = 3*i. What is the units digit of i?
1
Let w(g) be the second derivative of g**3/6 + 9*g**2/2 + 2*g. Let b be (-50)/8 - 4/(-16). What is the units digit of w(b)?
3
Suppose 6 - 2 = -2*w - 2*o, -w + 4*o - 17 = 0. Let j = 34 + w. What is the units digit of j?
9
What is the tens digit of (-4 + (-30)/(-4))*8?
2
Let x(s) be the second derivative of s**4/12 + s**3/6 + s**2/2 - 2*s. Let j = -2 + 2. What is the units digit of x(j)?
1
Let k(y) = -y**2 + 9*y - 12. Let v be k(6). What is the units digit of (-11 - v/(-3))*-3?
7
Let i(n) = 10*n**3 + n**2 - n. Let c be i(1). Suppose -k - 2*o - 5 = 0, -2*k - o + 2*o + c = 0. What is the units digit of 6*k + -1 + -1?
6
Let p(i) = -i**3 - 5*i**2 - 6*i - 4. Let r be p(-4). Suppose 5*y = 4*k, k + 3*y = -r*k + 37. Suppose 0 = -k*l + 6 - 1. What is the units digit of l?
1
Let r = -14 - -6. Let v = r - -21. What is the tens digit of v?
1
Let b = 336 + -235. What is the tens digit of b?
0
Let p(c) = 3*c - 4. Let x be p(4). Suppose -2*h + 2*k = -x, -2*h = 3*k - 9 - 9. What is the units digit of h?
6
Let z(v) = 2*v - 6. Let p be z(6). Suppose -4*g - 2*r + p = -0*g, 5*g = -4*r + 15. What is the tens digit of (1 - 2)*g - -10?
1
Suppose -c + 185 = 4*k, -51 = -k - 6*c + c. What is the units digit of k?
6
Suppose -74 = -2*a - 4*p, 2*a - 41 = -2*p + 39. What is the units digit of a?
3
Suppose -41 = c - 68. What is the tens digit of c?
2
Let r = -610 + 940. What is the hundreds digit of r?
3
Let i = -7 + 1. Let o(z) = z**2 + 4*z - 2. What is the units digit of o(i)?
0
Suppose -3*z - 3*u + 28 = -u, 5*z + 3*u = 45. Suppose 2 = 2*y, 3*y = -v - y + z. What is the units digit of v?
2
Let g be -30 - 0*2/(-4). Let t be (48/10)/((-6)/g). Suppose 3*j + t - 66 = 0. What is the units digit of j?
4
Let l(a) = -a**2 - a - 2. Let t be l(0). Let x(b) = -b + 1. What is the units digit of x(t)?
3
Suppose -564 = -4*s + 4*l, -3*l - 2*l = 4*s - 582. What is the tens digit of s?
4
Suppose 2*o + 80 = 5*r - 46, -5*o = -r + 16. Suppose -2*h + 80 = 3*m, -m + 3*h + 19 = -r. What is the tens digit of m?
3
Let c = 8 + -3. Suppose -k + c*k - 28 = 0. What is the units digit of k?
7
Let n = 9 + -7. Suppose 5*a + 1 = -3*g + 34, 0 = -n*a - 6. What is the tens digit of g?
1
Let s(i) = -i - 4. Let y be s(-7). Suppose y*m - 3*o = -o - 23, o - 9 = m. Let b = 12 + m. What is the units digit of b?
7
What is the units digit of (12/(-9))/((-4)/66)?
2
Let z = 38 - 14. What is the tens digit of z?
2
Let y(w) be the first derivative of -w**2/2 - 4*w + 2. Let g be y(-3). Let j = 3 + g. What is the units digit of j?
2
Let n(a) = 2*a**3 + a. Suppose -5*t + 4*y = 3, 3*y - 6 = -5*t + 5. What is the units digit of n(t)?
3
Let g(o) be the second derivative of -o**3/6 + o**2 + o. Let j be 2/(-4)*(6 - 6). What is the units digit of g(j)?
2
Let l = 20 - 28. What is the tens digit of (29/4)/((-2)/l)?
2
Let b(k) = -k**2 - 10*k - 5. Let x be (1/(3/(-21)))/1. What is the units digit of b(x)?
6
Let v = 78 - -7. Suppose -v = -7*i + 2*i. Let x = 38 - i. What is the tens digit of x?
2
Suppose 5*a = -0*f - 5*f - 60, -4*f - 42 = 2*a. Let k(c) = -c**3 - 9*c**2 - c - 8. What is the units digit of k(f)?
1
Suppose -4*c - 14 = q + 5, q = -5*c - 24. What is the units digit of 13 + (-4)/(-4) - q?
3
Suppose 2 = -4*s + 6. Let d(y) = 15*y**2 - 1. Let p be d(s). Suppose f + f = p. What is the units digit of f?
7
Let d(o) be the first derivative of o**6/120 - o**5/60 + 4*o**3/3 - 2*o**2 + 1. Let z(c) be the second derivative of d(c). What is the units digit of z(0)?
8
Let u(c) = -c**3 + 14*c**2 - 18*c + 4. What is the units digit of u(12)?
6
Suppose -4*r - 2 = -10. What is the tens digit of r/(-4) + 92/8?
1
Let y(d) = -d**3 + 4*d**2 - 2*d - 3. Let o be y(3). Suppose 3*u - 2*a - a - 57 = o, 0 = 2*u + a - 23. What is the units digit of u?
4
Let c be (-2 + 3)/((-1)/(-2)). Suppose 5*u = -c*w + 39, -1 = -w + 1. What is the units digit of u?
7
Let v(s) = s - 9. Let k be v(9). Suppose 0 = 2*l + 2*x, -3*x + k*x = 0. Suppose 4*d - 20 - 20 = l. What is the units digit of d?
0
Let a be ((-3)/(-2))/((-3)/(-34)). Suppose 3*h - a - 34 = 0. What is the tens digit of h?
1
Let p = 51 - 28. Let j(r) = r**2 - 1. Let n be j(-4). Let f = p - n. What is the units digit of f?
8
What is the hundreds digit of (-3 + 819/(-3))*(-4)/6?
1
Let s be (-1 + -1)/((-2)/25). Let m(f) = f + 17. Let i be m(-12). Suppose 0*a = 5*a + y - s, -a = -4*y - i. What is the units digit of a?
5
Suppose -y + 77 = -111. What is the units digit of y?
8
Let l(b) = b - 1. Let p = 12 - 8. Let h be l(p). Suppose 4*s + 2*n = 3*s + 11, 2*n = -h*s + 21. What is the units digit of s?
5
Let w be ((-2)/(-6))/((-1)/(-3)). Let y be -2 - (-9*w + 0). Suppose -4*o + 4*q = -28, q + y + 4 = 2*o. What is the units digit of o?
4
Suppose 2*u + 0*u - 18 = 0. Let l = -4 + u. What is the units digit of l?
5
What is the units digit of (-6)/(-21) - (-152)/7?
2
Suppose -3*f + 2*d - 2 = -7, 9 = -f - 2*d. What is the units digit of f - (-4)/(8/30)?
4
Let a be 26/6 + 5/(-15). Suppose -n + 27 = -4*p, -4 = 3*n + p + a*p. What is the units digit of n?
7
Suppose c - m - m = 4, 4*m = c - 4. Suppose -c*h - 5*k + 48 = -47, 0 = -3*h + 2*k + 100. What is the units digit of h?
0
Let k(y) = 3*y - 12. What is the tens digit of k(9)?
1
Suppose 0 = 4*o + h - 56, 0 = o - 0*h - 3*h - 27. Let z(d) = d**2 - 4*d + 7. Let v be z(3). What is the units digit of v/6 + 95/o?
7
Let s = -23 - -13. Let u = 22 - s. What is the tens digit of u?
3
What is the units digit of ((-20)/(-8))/(2/16)?
0
Suppose -4*c = 3*k - 43, 0 = 4*c - 3*c - 5*k + 18. Let y = c - 1. What is the units digit of y?
6
Suppose -4*t + 3*u = -344, -t = 3*t + 2*u - 324. Suppose -5*v - 41 = -w, -3*w + 0*w + 5*v = -t. What is the units digit of w?
1
What is the tens digit of (35 - (2 + -2)) + 1?
3
Let l = 13 + -11. Let k be (-5)/((-2 - -4)/(-2)). Suppose 3*v - 5*x = -6, -l*v + k*x - 2 = 7. What is the units digit of v?
3
Let z(k) = 3*k**2 - 5*k - 17. What is the units digit of z(-4)?
1
Suppose -16 = -4*j - 0. Suppose q + 5*g + 14 = 0, -3 = -4*q + g + j. Suppose -q = z - 10. Wha